 units digit of n?
0
Let u = 85 - 61. What is the units digit of (u/(-32))/(2/(-64))?
4
Let z(u) = -u**3. Let n(y) be the second derivative of -3*y**5/10 + 7*y**4/12 - y**3 - 2*y**2 + y. Let c(h) = -n(h) + 5*z(h). What is the units digit of c(6)?
4
Let j = 13 + -11. Suppose -j*s = -5 + 3. What is the units digit of s?
1
Let n = -23 - -14. What is the tens digit of -1*(2 - n)*-1?
1
Let p(r) = 14*r**2 + 2*r + 1. What is the units digit of p(-1)?
3
Let g(o) = o**3 - 7*o**2 - 5. Let w be g(7). Let a(m) = -m. What is the units digit of a(w)?
5
Let z(r) = 2*r**3 + 4*r**2 - 7*r + 1. What is the units digit of z(3)?
0
Suppose v + 2 = 5. Suppose -v*u + 4*d + 38 = -u, 5*d = -u + 40. What is the tens digit of u?
2
Let c(p) = -p - 12. Let x be c(-10). Let l be x/(-2) + 9 + -2. What is the units digit of 2/(-3) + l/3?
2
Let y = -9 + 11. Suppose 38 = y*l - 2*u, -3*l + 69 - 6 = -u. What is the tens digit of l?
2
Let g(h) = h**2 - 14*h + 8. Let r be g(8). Let y be (6/4)/((-6)/r). Suppose 0 = -c + 3*x - x + y, 0 = -3*c + 3*x + 33. What is the tens digit of c?
1
Let n be (0/(-1))/(1*2). Let d = n - -1. What is the units digit of d?
1
Let s be (-4)/(-10) - 186/(-10). Suppose -3*p = t - s, -p = -5*t + 3*p. Suppose -a + y = -1, 2*a = -3*a - t*y + 41. What is the units digit of a?
5
Let i be (2 - 3)/(0 - -1). Let h be (7/21)/(i/(-3)). What is the units digit of -1*(-2 + h/1)?
1
Suppose 0 = -k - 3*k - 4. Let d = 3 + k. What is the units digit of d?
2
Suppose -5*b = -148 + 8. Let i = 64 - b. What is the tens digit of i?
3
Suppose -10 = 2*s - 0*s, -3*p - s = 20. Let j = p + 8. What is the units digit of j?
3
Let t(v) = v**3 - 6*v**2 + 5*v + 2. Let o be t(5). Suppose 4*l = 7*l - 30. Suppose 0*q = -o*q + l. What is the units digit of q?
5
Let c = 34 + -33. What is the units digit of c?
1
Let i = 38 + 152. Let n be i/45 + 4/(-18). Suppose -5*y - n*d + 48 = 0, -4*y + 5*d + 0*d + 22 = 0. What is the units digit of y?
8
Suppose -2*d - 3*l + 58 + 24 = 0, -5*d = -2*l - 205. What is the tens digit of d?
4
Let h(j) = j**2 - 10*j + 6. Let q be h(10). Let f(i) = i**3 - 6*i**2 + i - 6. Let r be f(q). Suppose 3*t - 25 - 5 = r. What is the units digit of t?
0
Let m(g) = g**2 + 1. Suppose -3*k = 8 - 2. Let q be m(k). Suppose -q*i + 7 = -3. What is the units digit of i?
2
Let l be -2*1*(-4)/(-8). What is the units digit of (1 + 14)/(0 - l)?
5
Let i = 319 - 75. What is the units digit of i?
4
Let f(p) = -p**2 - 5*p + 7. Let j be f(-6). Let d = j - 2. What is the units digit of (d/3)/((-3)/54)?
6
Let f(s) = -291*s**3 - s. What is the tens digit of f(-1)?
9
Let s = 11 - 6. Suppose 3*h + 3*g - 14 = -h, -3*h = 5*g - s. What is the units digit of h?
5
What is the tens digit of 525/9 + (-2)/(-6)*-1?
5
Let v(j) = j - 7. Let s be v(7). Suppose 2 + s = p. What is the units digit of (p/4)/(1/2)?
1
Let s = 1 + 2. Let f(x) = 3*x - 1. What is the units digit of f(s)?
8
Let b(p) = -p**2 - 6*p - 3. Let j(m) = m**2 + 7*m + 8. Let g be j(-6). Suppose 0 = 2*l + g*l + 8. What is the units digit of b(l)?
5
Suppose -5*w - 2*o + 3 = -0*o, -w - 4 = 5*o. Suppose 2 = 4*u - 2. Suppose -u = -b + w. What is the units digit of b?
2
Suppose 2*j + j = 0. Suppose j = z + z - 40. Suppose -15 = -5*v + z. What is the units digit of v?
7
Suppose 2 = -5*z + 4*z. What is the tens digit of -3 + 21 + 2 - z?
2
Let t = -9 + 3. Let m = t - -3. What is the units digit of 2/(2*m/(-63))?
1
Suppose -3*h + 6*h = -15. Let u = 8 + h. Suppose 3*x - u = 2*x. What is the units digit of x?
3
Let y(w) be the first derivative of -1/2*w**2 + 1/3*w**3 - 1 + 8*w - 1/4*w**4. What is the units digit of y(0)?
8
Suppose -4*x = -a - 4, -4*a + 0 + 8 = -4*x. Let f(c) = 3*c**3 - 2*c**2 - 3*c + 5. What is the tens digit of f(x)?
1
Let i(x) = -x**3 + 7*x**2 - 3*x + 4. Let m be (12/(-4))/(3/(-6)). What is the tens digit of i(m)?
2
Suppose 5*o - 83 - 157 = 0. Suppose o = j + 3*j. What is the units digit of j?
2
What is the hundreds digit of -4 - ((-1650)/(-18))/((-2)/6)?
2
Let n = -9 - -6. What is the units digit of (-69)/(-9) + (-1)/n?
8
Let q(t) be the first derivative of -15*t**2 + 2*t - 2. What is the units digit of q(-1)?
2
Suppose 5*i - t = -57 + 682, -3*t = -5*i + 635. What is the hundreds digit of i?
1
What is the units digit of 48*4/16*2?
4
Suppose -o + 12 = 2*o. Suppose -2*z + 4*x - 16 = 0, -3*z + o*x + x - 20 = 0. Suppose z = -5*b + 2*j + 34, b - 3*j = j + 14. What is the units digit of b?
6
Let s = 70 + -19. What is the units digit of s?
1
Let r = 79 - 60. Let d be (-4)/6 + 22/6. Suppose 4*s - o - 46 - 4 = 0, s = -d*o + r. What is the units digit of s?
3
Suppose 5*p - 455 = -5*l, -5*l + 273 = -2*l + 2*p. What is the tens digit of l?
9
Suppose 17 + 13 = 5*a. Let b = -2 - 1. Let p = b + a. What is the units digit of p?
3
What is the units digit of (-63)/(-21) - (0 - 0)?
3
Let n = -20 + 8. Let o(m) be the second derivative of -m**3/6 + 5*m**2/2 + 5*m. What is the units digit of o(n)?
7
Suppose -3*s = -3*k, -5*s + 16 = -4. Suppose 0 = k*w - 1 - 39. What is the tens digit of w?
1
Let i be 0*(6 - 2)/8. Suppose s - 14 - 17 = i. What is the units digit of s?
1
Let l = 2 + -6. Let b be (l + 4)/(0 - -1). Suppose b*m = -m + 1. What is the units digit of m?
1
Let o(s) = s**2 + 4*s - 6. Let t be o(-10). Let r = -34 + t. What is the units digit of r?
0
Let b be 15/10 + 2/4. Suppose -b*m - 2*m + 4 = 0. What is the units digit of m?
1
Let m(k) = 7*k**2 - k + 1. Let t be m(1). Let p = t - 11. What is the units digit of (-2)/p*(48 - 6)?
1
Suppose 1 - 10 = 2*g - 3*z, -g = 2*z - 6. Let w(k) be the third derivative of -k**4/24 + 3*k**3/2 + k**2. What is the units digit of w(g)?
9
Suppose 3*b - 5*q - 15 = 21, -2*b + 11 = q. Let g(l) = l**3 - 11*l + 2 - 5*l - 8*l**2 + 24*l. What is the units digit of g(b)?
9
Suppose -2*i - 9 = -35. Suppose 0*a + a - i = 0. What is the tens digit of a?
1
Suppose -2*j - 8 = -5*k, -4*k + 17 = -5*j - 3. Suppose -5*y + 79 = 4*h - 2*y, 2*h - y - 37 = k. What is the units digit of h?
9
Let b(f) = -1 - f**3 - 3*f - 4*f + 9 + 7*f**2. Let r be b(6). Suppose r*a + i = 5*a - 24, -3*a - 5*i = -42. What is the units digit of a?
9
Suppose 73 = -5*l + 13. What is the units digit of (l/(-16))/((-1)/(-12))?
9
Let a be 1/(-2) + (-6)/12. Let w be ((-2 - -1) + -2)*a. Suppose -w*v + 18 = -15. What is the units digit of v?
1
Let o = 6 - 3. What is the units digit of ((-3)/6)/(o/(-42))?
7
Suppose 3*s + 60 = 324. What is the units digit of s?
8
Suppose -12 = f + f. What is the units digit of (-209)/(-22) - f/(-4)?
8
Let k(a) = -76*a - 5. What is the units digit of k(-1)?
1
Suppose -2*u - 10 = -4*u. Suppose 2*m = -5*t - 4, -20 = -0*m - u*m - 5*t. Let j = 13 - m. What is the units digit of j?
5
Suppose 209 + 202 = 3*k. What is the units digit of k?
7
Let l(c) = 10*c**2 - 4*c + 2. What is the tens digit of l(2)?
3
Let y = 7 - 11. What is the units digit of ((-6)/(-3) + y)*-4?
8
Suppose 4*u - 1 + 18 = w, -4*w - 2*u = -32. Let g = 3 + w. Let i = g + -7. What is the units digit of i?
5
Suppose 0 = 2*k - 25 - 41. What is the units digit of k?
3
Let i(c) = 24*c**2 + c + 1. What is the tens digit of i(2)?
9
Suppose 0 = 3*i - 2*i - 1, -3*v + 4 = -2*i. Suppose v*c = c + 2. Suppose -d - 8 = -c*d. What is the units digit of d?
8
Let h be -4 + 1 + 46*1. Suppose -3*a + a = -6. Suppose 0 = 2*i - z - 30, 0 = a*i - 0*z - z - h. What is the tens digit of i?
1
Let b be 1*(-2)/(-2*1). Suppose -2*c - d = -b, d = -5*c - 2*d + 1. What is the units digit of c?
2
Let w be (2/(-3))/((-4)/30). Suppose -2*q = -2*u - q + w, -16 = -5*u - q. What is the units digit of (4 - -2)*4/u?
8
Let j = -66 - -97. What is the tens digit of j?
3
Suppose 0 = -2*d + 5*d. Suppose d = -2*w - 2*w + 108. Suppose -4*h + w = u, 0 = u - 3*h - 0 + 1. What is the units digit of u?
1
What is the tens digit of 1076/16 + (-3)/(-4)?
6
Suppose -3*z + 0*z + 5*x = 7, -4*z - 5*x = -14. Let m(a) = 43*a + 1. What is the units digit of m(z)?
4
Let q be (-3)/2*(-4)/(-6). Let u = q - -5. What is the units digit of u?
4
Let j = 48 - 0. What is the tens digit of j?
4
Let a(f) = -f + 7. Let z be a(0). Let h = 14 - z. What is the units digit of h?
7
Suppose 3*m + m - 228 = 0. Let n = m + -40. What is the units digit of n?
7
Suppose 2*v - 2 = 2. What is the units digit of v/(-3)*72/(-16)?
3
Let s(t) = -2*t**3 - 9*t**2 + 2*t 